{"id":990246,"date":"2023-03-29T14:04:24","date_gmt":"2023-03-29T14:04:24","guid":{"rendered":"https:\/\/euskalbabel.eus\/langue\/langue-des-signes-francaise-%f0%9f%a7%8f\/"},"modified":"2023-07-13T10:01:45","modified_gmt":"2023-07-13T10:01:45","slug":"langue-des-signes-francaise-%f0%9f%a7%8f","status":"publish","type":"product","link":"https:\/\/euskalbabel.eus\/eu\/langue\/langue-des-signes-francaise-%f0%9f%a7%8f\/","title":{"rendered":"Langue des signes fran\u00e7aise \/ &#x1f9cf;"},"content":{"rendered":"\t\t<div data-elementor-type=\"product-post\" data-elementor-id=\"990246\" class=\"elementor elementor-990246 elementor-988039\">\n\t\t\t\t\t\t\t\t\t<section class=\"elementor-section elementor-top-section elementor-element elementor-element-1bc13bc3 elementor-section-boxed elementor-section-height-default elementor-section-height-default\" data-id=\"1bc13bc3\" data-element_type=\"section\">\n\t\t\t\t\t\t<div class=\"elementor-container elementor-column-gap-default\">\n\t\t\t\t\t<div class=\"elementor-column elementor-col-100 elementor-top-column elementor-element elementor-element-3689a225\" data-id=\"3689a225\" data-element_type=\"column\">\n\t\t\t<div class=\"elementor-widget-wrap elementor-element-populated\">\n\t\t\t\t\t\t\t\t<div class=\"elementor-element elementor-element-79a7f8ac elementor-invisible elementor-widget elementor-widget-text-editor\" data-id=\"79a7f8ac\" data-element_type=\"widget\" data-settings=\"{&quot;_animation&quot;:&quot;fadeIn&quot;}\" data-widget_type=\"text-editor.default\">\n\t\t\t\t<div class=\"elementor-widget-container\">\n\t\t\t<style>\/*! elementor - v3.11.5 - 14-03-2023 *\/\n.elementor-widget-text-editor.elementor-drop-cap-view-stacked .elementor-drop-cap{background-color:#818a91;color:#fff}.elementor-widget-text-editor.elementor-drop-cap-view-framed .elementor-drop-cap{color:#818a91;border:3px solid;background-color:transparent}.elementor-widget-text-editor:not(.elementor-drop-cap-view-default) .elementor-drop-cap{margin-top:8px}.elementor-widget-text-editor:not(.elementor-drop-cap-view-default) .elementor-drop-cap-letter{width:1em;height:1em}.elementor-widget-text-editor .elementor-drop-cap{float:left;text-align:center;line-height:1;font-size:50px}.elementor-widget-text-editor .elementor-drop-cap-letter{display:inline-block}<\/style>\t\t\t\t<h3><em>O\u00f9 vivre en LSF ?<\/em><\/h3>\n<p><span style=\"font-weight: 400\">Association <\/span><a href=\"http:\/\/des-mains-et-des-signes.fr\/\" target=\"_blank\" rel=\"noopener\"><span style=\"font-weight: 400\">Des Mains et des Signes<\/span><\/a><span style=\"font-weight: 400\">\u00e0 Dax<br \/>\n<\/span><span style=\"font-weight: 400\">Association des <\/span><a href=\"https:\/\/www.asmab64.fr\/\" target=\"_blank\" rel=\"noopener\"><span style=\"font-weight: 400\">Sourds, Malentendants et Amis du B\u00e9arn<\/span><\/a><span style=\"font-weight: 400\">\u00e0 Pau<br \/>\n<\/span><a href=\"https:\/\/www.facebook.com\/groups\/2308068932646334\" target=\"_blank\" rel=\"noopener\"><span style=\"font-weight: 400\">Loisirs sourds Basque<\/span><\/a><\/p>\n\t\t\t\t\t\t<\/div>\n\t\t\t\t<\/div>\n\t\t\t\t<div class=\"elementor-element elementor-element-2104c7cc elementor-invisible elementor-widget elementor-widget-text-editor\" data-id=\"2104c7cc\" data-element_type=\"widget\" data-settings=\"{&quot;_animation&quot;:&quot;fadeIn&quot;}\" data-widget_type=\"text-editor.default\">\n\t\t\t\t<div class=\"elementor-widget-container\">\n\t\t\t\t\t\t\t<h3><em>O\u00f9 apprendre la LSF<\/em><em><b> <\/b><\/em><em>?<\/em><\/h3>\n<h4><b>Formation pour adultes <\/b><\/h4>\n<p><span style=\"font-weight: 400\"><a href=\"http:\/\/jakinola.org\" target=\"_blank\" rel=\"noopener\"><b>Jakinola<\/b><\/a> est un centre de formation \u00e0 Bayonne, qui donne les moyens d&#8217;acqu\u00e9rir des comp\u00e9tences linguistiques afin de r\u00e9pondre aux besoins professionnels ou personnels de chacun via une p\u00e9dagogie immersive et digitale. C\u2019est aussi un lieu de vie de la diversit\u00e9 linguistique et culturelle par le biais d\u2019animations et d\u2019actions de sensibilisation.<br \/>\n<\/span><span style=\"font-weight: 400\">Adresse mail: contact@jakinola.eus<br \/>\n<\/span><span style=\"font-weight: 400\">T\u00e9l\u00e9phone: 09 51 90 84 77<\/span><\/p>\n\t\t\t\t\t\t<\/div>\n\t\t\t\t<\/div>\n\t\t\t\t<div class=\"elementor-element elementor-element-4557c1fd elementor-invisible elementor-widget elementor-widget-text-editor\" data-id=\"4557c1fd\" data-element_type=\"widget\" data-settings=\"{&quot;_animation&quot;:&quot;fadeIn&quot;}\" data-widget_type=\"text-editor.default\">\n\t\t\t\t<div class=\"elementor-widget-container\">\n\t\t\t\t\t\t\t<h3>\n            <em>O\u00f9 pratiquer la LSF ?<\/em><br \/>\n          <\/h3>\n<p>          <strong><br \/>\n            <a href=\"https:\/\/mediatheque.bayonne.fr\" target=\"_blank\" rel=\"noopener\">M\u00e9diath\u00e8que de Bayonne<\/a><br \/>\n          <\/strong><\/p>\n\t\t\t\t\t\t<\/div>\n\t\t\t\t<\/div>\n\t\t\t\t<div class=\"elementor-element elementor-element-1abfa113 elementor-invisible elementor-widget elementor-widget-text-editor\" data-id=\"1abfa113\" data-element_type=\"widget\" data-settings=\"{&quot;_animation&quot;:&quot;fadeIn&quot;}\" data-widget_type=\"text-editor.default\">\n\t\t\t\t<div class=\"elementor-widget-container\">\n\t\t\t\t\t\t\t\t\t\t\t\t\t<\/div>\n\t\t\t\t<\/div>\n\t\t\t\t<div class=\"elementor-element elementor-element-3c892c95 elementor-invisible elementor-widget elementor-widget-text-editor\" data-id=\"3c892c95\" data-element_type=\"widget\" data-settings=\"{&quot;_animation&quot;:&quot;fadeIn&quot;}\" data-widget_type=\"text-editor.default\">\n\t\t\t\t<div class=\"elementor-widget-container\">\n\t\t\t\t\t\t\t\t\t\t\t\t\t<\/div>\n\t\t\t\t<\/div>\n\t\t\t\t<div class=\"elementor-element elementor-element-21efa661 elementor-invisible elementor-widget elementor-widget-text-editor\" data-id=\"21efa661\" data-element_type=\"widget\" data-settings=\"{&quot;_animation&quot;:&quot;fadeIn&quot;}\" data-widget_type=\"text-editor.default\">\n\t\t\t\t<div class=\"elementor-widget-container\">\n\t\t\t\t\t\t\t<h3><em>Trouver un interpr\u00e8te<\/em><\/h3>\n<p><span style=\"font-weight: 400\">B\u00e9n\u00e9vole :<br \/>\n<\/span><a href=\"\/passeurs-de-langues\/\"><span style=\"font-weight: 400\">Euskal Babel propose des Passeurs de langues <\/span><\/a> <\/p>\n<p><span style=\"font-weight: 400\">Professionnel :<br \/>\n<\/span><a href=\"https:\/\/www.equils-interpretation.com\/\" target=\"_blank\" rel=\"noopener\"><span style=\"font-weight: 400\">Association EQUILS Tarnos<\/span><\/a><span style=\"font-weight: 400\"> &#8211; service d\u2019interpr\u00e9tation fran\u00e7ais-LSF &#8211; Pays Basque, Landes, B\u00e9arn<\/span><\/p>\n\t\t\t\t\t\t<\/div>\n\t\t\t\t<\/div>\n\t\t\t\t<div class=\"elementor-element elementor-element-5a3c49e0 elementor-invisible elementor-widget elementor-widget-text-editor\" data-id=\"5a3c49e0\" data-element_type=\"widget\" data-settings=\"{&quot;_animation&quot;:&quot;fadeIn&quot;}\" data-widget_type=\"text-editor.default\">\n\t\t\t\t<div class=\"elementor-widget-container\">\n\t\t\t\t\t\t\t<h3>\n            <em>\u00c9couter &#8211; voir<\/em><br \/>\n          <\/h3>\n\t\t\t\t\t\t<\/div>\n\t\t\t\t<\/div>\n\t\t\t\t<div class=\"elementor-element elementor-element-3c77a986 elementor-invisible elementor-widget elementor-widget-text-editor\" data-id=\"3c77a986\" data-element_type=\"widget\" data-settings=\"{&quot;_animation&quot;:&quot;fadeIn&quot;}\" data-widget_type=\"text-editor.default\">\n\t\t\t\t<div class=\"elementor-widget-container\">\n\t\t\t\t\t\t\t\t\t\t\t\t\t<\/div>\n\t\t\t\t<\/div>\n\t\t\t\t<div class=\"elementor-element elementor-element-605b57f4 elementor-widget elementor-widget-text-editor\" data-id=\"605b57f4\" data-element_type=\"widget\" data-widget_type=\"text-editor.default\">\n\t\t\t\t<div class=\"elementor-widget-container\">\n\t\t\t\t\t\t\t\t\t\t\t\t\t<\/div>\n\t\t\t\t<\/div>\n\t\t\t\t<div class=\"elementor-element elementor-element-5dc638c9 elementor-invisible elementor-widget elementor-widget-text-editor\" data-id=\"5dc638c9\" data-element_type=\"widget\" data-settings=\"{&quot;_animation&quot;:&quot;fadeIn&quot;}\" data-widget_type=\"text-editor.default\">\n\t\t\t\t<div class=\"elementor-widget-container\">\n\t\t\t\t\t\t\t\t\t\t\t\t\t<\/div>\n\t\t\t\t<\/div>\n\t\t\t\t<div class=\"elementor-element elementor-element-32bd322a elementor-widget elementor-widget-text-editor\" data-id=\"32bd322a\" data-element_type=\"widget\" data-widget_type=\"text-editor.default\">\n\t\t\t\t<div class=\"elementor-widget-container\">\n\t\t\t\t\t\t\t\t\t\t\t\t\t<\/div>\n\t\t\t\t<\/div>\n\t\t\t\t<div class=\"elementor-element elementor-element-1f3a277e elementor-invisible elementor-widget elementor-widget-text-editor\" data-id=\"1f3a277e\" data-element_type=\"widget\" data-settings=\"{&quot;_animation&quot;:&quot;fadeIn&quot;}\" data-widget_type=\"text-editor.default\">\n\t\t\t\t<div class=\"elementor-widget-container\">\n\t\t\t\t\t\t\t\t\t\t\t\t\t<\/div>\n\t\t\t\t<\/div>\n\t\t\t\t\t<\/div>\n\t\t<\/div>\n\t\t\t\t\t\t\t<\/div>\n\t\t<\/section>\n\t\t\t\t\t\t\t<\/div>\n\t\t","protected":false},"excerpt":{"rendered":"","protected":false},"featured_media":989682,"template":"","meta":{"_seopress_robots_primary_cat":"none"},"product_cat":[126],"product_tag":[],"acf":[],"_links":{"self":[{"href":"https:\/\/euskalbabel.eus\/eu\/wp-json\/wp\/v2\/product\/990246"}],"collection":[{"href":"https:\/\/euskalbabel.eus\/eu\/wp-json\/wp\/v2\/product"}],"about":[{"href":"https:\/\/euskalbabel.eus\/eu\/wp-json\/wp\/v2\/types\/product"}],"version-history":[{"count":1,"href":"https:\/\/euskalbabel.eus\/eu\/wp-json\/wp\/v2\/product\/990246\/revisions"}],"predecessor-version":[{"id":990247,"href":"https:\/\/euskalbabel.eus\/eu\/wp-json\/wp\/v2\/product\/990246\/revisions\/990247"}],"wp:featuredmedia":[{"embeddable":true,"href":"https:\/\/euskalbabel.eus\/eu\/wp-json\/wp\/v2\/media\/989682"}],"wp:attachment":[{"href":"https:\/\/euskalbabel.eus\/eu\/wp-json\/wp\/v2\/media?parent=990246"}],"wp:term":[{"taxonomy":"product_cat","embeddable":true,"href":"https:\/\/euskalbabel.eus\/eu\/wp-json\/wp\/v2\/product_cat?post=990246"},{"taxonomy":"product_tag","embeddable":true,"href":"https:\/\/euskalbabel.eus\/eu\/wp-json\/wp\/v2\/product_tag?post=990246"}],"curies":[{"name":"wp","href":"https:\/\/api.w.org\/{rel}","templated":true}]}}

Langue des signes française / &#x1f9cf;

<div data-elementor-type="product-post" data-elementor-id="990246" class="elementor elementor-990246 elementor-988039">
									<section class="elementor-section elementor-top-section elementor-element elementor-element-1bc13bc3 elementor-section-boxed elementor-section-height-default elementor-section-height-default" data-id="1bc13bc3" data-element_type="section">
						<div class="elementor-container elementor-column-gap-default">
					<div class="elementor-column elementor-col-100 elementor-top-column elementor-element elementor-element-3689a225" data-id="3689a225" data-element_type="column">
			<div class="elementor-widget-wrap elementor-element-populated">
								<div class="elementor-element elementor-element-79a7f8ac elementor-invisible elementor-widget elementor-widget-text-editor" data-id="79a7f8ac" data-element_type="widget" data-settings="{&quot;_animation&quot;:&quot;fadeIn&quot;}" data-widget_type="text-editor.default">
				<div class="elementor-widget-container">
			<style>/*! elementor - v3.11.5 - 14-03-2023 */
.elementor-widget-text-editor.elementor-drop-cap-view-stacked .elementor-drop-cap{background-color:#818a91;color:#fff}.elementor-widget-text-editor.elementor-drop-cap-view-framed .elementor-drop-cap{color:#818a91;border:3px solid;background-color:transparent}.elementor-widget-text-editor:not(.elementor-drop-cap-view-default) .elementor-drop-cap{margin-top:8px}.elementor-widget-text-editor:not(.elementor-drop-cap-view-default) .elementor-drop-cap-letter{width:1em;height:1em}.elementor-widget-text-editor .elementor-drop-cap{float:left;text-align:center;line-height:1;font-size:50px}.elementor-widget-text-editor .elementor-drop-cap-letter{display:inline-block}</style>				<h3><em>Où vivre en LSF ?</em></h3>
<p><span style="font-weight: 400">Association </span><a href="http://des-mains-et-des-signes.fr/" target="_blank" rel="noopener"><span style="font-weight: 400">Des Mains et des Signes</span></a><span style="font-weight: 400">à Dax<br />
</span><span style="font-weight: 400">Association des </span><a href="https://www.asmab64.fr/" target="_blank" rel="noopener"><span style="font-weight: 400">Sourds, Malentendants et Amis du Béarn</span></a><span style="font-weight: 400">à Pau<br />
</span><a href="https://www.facebook.com/groups/2308068932646334" target="_blank" rel="noopener"><span style="font-weight: 400">Loisirs sourds Basque</span></a></p>
						</div>
				</div>
				<div class="elementor-element elementor-element-2104c7cc elementor-invisible elementor-widget elementor-widget-text-editor" data-id="2104c7cc" data-element_type="widget" data-settings="{&quot;_animation&quot;:&quot;fadeIn&quot;}" data-widget_type="text-editor.default">
				<div class="elementor-widget-container">
							<h3><em>Où apprendre la LSF</em><em><b> </b></em><em>?</em></h3>
<h4><b>Formation pour adultes </b></h4>
<p><span style="font-weight: 400"><a href="http://jakinola.org" target="_blank" rel="noopener"><b>Jakinola</b></a> est un centre de formation à Bayonne, qui donne les moyens d&#8217;acquérir des compétences linguistiques afin de répondre aux besoins professionnels ou personnels de chacun via une pédagogie immersive et digitale. C’est aussi un lieu de vie de la diversité linguistique et culturelle par le biais d’animations et d’actions de sensibilisation.<br />
</span><span style="font-weight: 400">Adresse mail: contact@jakinola.eus<br />
</span><span style="font-weight: 400">Téléphone: 09 51 90 84 77</span></p>
						</div>
				</div>
				<div class="elementor-element elementor-element-4557c1fd elementor-invisible elementor-widget elementor-widget-text-editor" data-id="4557c1fd" data-element_type="widget" data-settings="{&quot;_animation&quot;:&quot;fadeIn&quot;}" data-widget_type="text-editor.default">
				<div class="elementor-widget-container">
							<h3>
            <em>Où pratiquer la LSF ?</em><br />
          </h3>
<p>          <strong><br />
            <a href="https://mediatheque.bayonne.fr" target="_blank" rel="noopener">Médiathèque de Bayonne</a><br />
          </strong></p>
						</div>
				</div>
				<div class="elementor-element elementor-element-1abfa113 elementor-invisible elementor-widget elementor-widget-text-editor" data-id="1abfa113" data-element_type="widget" data-settings="{&quot;_animation&quot;:&quot;fadeIn&quot;}" data-widget_type="text-editor.default">
				<div class="elementor-widget-container">
													</div>
				</div>
				<div class="elementor-element elementor-element-3c892c95 elementor-invisible elementor-widget elementor-widget-text-editor" data-id="3c892c95" data-element_type="widget" data-settings="{&quot;_animation&quot;:&quot;fadeIn&quot;}" data-widget_type="text-editor.default">
				<div class="elementor-widget-container">
													</div>
				</div>
				<div class="elementor-element elementor-element-21efa661 elementor-invisible elementor-widget elementor-widget-text-editor" data-id="21efa661" data-element_type="widget" data-settings="{&quot;_animation&quot;:&quot;fadeIn&quot;}" data-widget_type="text-editor.default">
				<div class="elementor-widget-container">
							<h3><em>Trouver un interprète</em></h3>
<p><span style="font-weight: 400">Bénévole :<br />
</span><a href="/passeurs-de-langues/"><span style="font-weight: 400">Euskal Babel propose des Passeurs de langues </span></a> </p>
<p><span style="font-weight: 400">Professionnel :<br />
</span><a href="https://www.equils-interpretation.com/" target="_blank" rel="noopener"><span style="font-weight: 400">Association EQUILS Tarnos</span></a><span style="font-weight: 400"> &#8211; service d’interprétation français-LSF &#8211; Pays Basque, Landes, Béarn</span></p>
						</div>
				</div>
				<div class="elementor-element elementor-element-5a3c49e0 elementor-invisible elementor-widget elementor-widget-text-editor" data-id="5a3c49e0" data-element_type="widget" data-settings="{&quot;_animation&quot;:&quot;fadeIn&quot;}" data-widget_type="text-editor.default">
				<div class="elementor-widget-container">
							<h3>
            <em>Écouter &#8211; voir</em><br />
          </h3>
						</div>
				</div>
				<div class="elementor-element elementor-element-3c77a986 elementor-invisible elementor-widget elementor-widget-text-editor" data-id="3c77a986" data-element_type="widget" data-settings="{&quot;_animation&quot;:&quot;fadeIn&quot;}" data-widget_type="text-editor.default">
				<div class="elementor-widget-container">
													</div>
				</div>
				<div class="elementor-element elementor-element-605b57f4 elementor-widget elementor-widget-text-editor" data-id="605b57f4" data-element_type="widget" data-widget_type="text-editor.default">
				<div class="elementor-widget-container">
													</div>
				</div>
				<div class="elementor-element elementor-element-5dc638c9 elementor-invisible elementor-widget elementor-widget-text-editor" data-id="5dc638c9" data-element_type="widget" data-settings="{&quot;_animation&quot;:&quot;fadeIn&quot;}" data-widget_type="text-editor.default">
				<div class="elementor-widget-container">
													</div>
				</div>
				<div class="elementor-element elementor-element-32bd322a elementor-widget elementor-widget-text-editor" data-id="32bd322a" data-element_type="widget" data-widget_type="text-editor.default">
				<div class="elementor-widget-container">
													</div>
				</div>
				<div class="elementor-element elementor-element-1f3a277e elementor-invisible elementor-widget elementor-widget-text-editor" data-id="1f3a277e" data-element_type="widget" data-settings="{&quot;_animation&quot;:&quot;fadeIn&quot;}" data-widget_type="text-editor.default">
				<div class="elementor-widget-container">
													</div>
				</div>
					</div>
		</div>
							</div>
		</section>
							</div>
